 + 12*m**2 - 3*m + 2. What is j(12)?
-34
Let y(j) = 105*j - 636. Calculate y(6).
-6
Let s(b) = b**2 - 11*b - 10. Determine s(12).
2
Let h(t) = t - 35. Calculate h(14).
-21
Let o(p) = 2*p**2 + 48*p + 6. Determine o(-24).
6
Let b(r) = r**2 - 24*r - 26. Calculate b(25).
-1
Let a(m) = m**3 + m**2 - 4*m - 3. Calculate a(-3).
-9
Let z(r) = -2*r**2 - 27*r + 33. Calculate z(-14).
19
Let y(c) = c**3 + 9*c**2 - 10*c + 11. Calculate y(-10).
11
Let v(o) = 13*o. Give v(-1).
-13
Let w(o) = -o**3 - 2*o**2 + o - 81. Give w(0).
-81
Let p(o) = 4*o + 25. Give p(-14).
-31
Let j(f) = -2*f**2 + 13*f - 10. Calculate j(9).
-55
Let c(r) = 2*r - 16. What is c(6)?
-4
Let l(j) = -10*j - 98. Determine l(-9).
-8
Let n(k) = -9*k - 46. Determine n(-2).
-28
Let q(z) = z**3 - 15*z**2 + 44*z + 4. Determine q(11).
4
Let w(n) = 6*n - 13. What is w(3)?
5
Let i(w) = w**2 + 17*w + 24. Give i(-15).
-6
Let a(u) = -3*u**3 + 6*u**2 + 4. Give a(3).
-23
Let z(w) = 3*w**2 - w - 41. Determine z(-4).
11
Let h(n) = 8*n - 29. What is h(8)?
35
Let w(u) = 10*u + 147. What is w(-14)?
7
Let u(p) = p**2 - 12*p - 4. What is u(13)?
9
Let k(m) = m**3 + 8*m**2 + 13*m + 12. Determine k(-5).
22
Let t(p) = -p**3 + 6*p**2 + 15*p + 15. Determine t(8).
7
Let x(a) = -a**3 - 6*a**2 - 6*a. What is x(-5)?
5
Let k(o) = o**3 - 5*o**2 + 2*o - 7. Calculate k(4).
-15
Let c(t) = -t**3 - 7*t**2 - 10*t + 12. Determine c(-5).
12
Let l(q) = 44*q - 172. What is l(4)?
4
Let x(p) = -4*p + 5. Give x(-4).
21
Let a(p) = p**2 - 11*p - 289. Determine a(23).
-13
Let p(a) = -a**2 - 19*a + 5. What is p(-17)?
39
Let u(k) = 34*k + 295. Give u(-9).
-11
Let k(m) = -3*m + 64. Give k(20).
4
Let z(w) = w**3 + 9*w**2 + 22*w + 15. Give z(-6).
-9
Let u(q) = 7*q**2 - 392*q - 5. Give u(56).
-5
Let k(m) = -m**2 + 2*m + 14. Calculate k(5).
-1
Let j(n) = -n**2 - 6*n - 13. What is j(-9)?
-40
Let g(w) = w - 71. What is g(19)?
-52
Let o(v) = -v**3 + 10*v**2 - 5*v - 9. Determine o(9).
27
Let h(w) = 3*w**2 + 51*w + 31. What is h(-16)?
-17
Let a(l) = -12*l + 9. Calculate a(1).
-3
Let z(l) = l**3 - 6*l**2 - 15*l - 14. Give z(8).
-6
Let q(y) = 7*y - 5. What is q(8)?
51
Let t(q) = 15*q + 105. Give t(-7).
0
Let m(z) = -9*z**2 - 1. Give m(-1).
-10
Let i(l) = -l**3 + 12*l**2 + 17*l - 28. Calculate i(13).
24
Let o(a) = a**2 + 8*a - 4. Calculate o(-8).
-4
Let v(r) = -r**3 - 7*r**2 - 3*r - 1. Determine v(-6).
-19
Let k(n) = -n**3 - 11*n**2 + n - 11. Calculate k(-11).
-22
Let q(s) = -8*s**2 + 31*s - 16. Give q(3).
5
Let k(r) = r**2 + 18. Give k(0).
18
Let p(g) = 3*g + 16. Give p(-10).
-14
Let l(a) = -a**2 + 8*a - 5. Calculate l(8).
-5
Let n(k) = 58*k + 131. Calculate n(-2).
15
Let d(p) = -33*p**2 + 2*p - 1. Calculate d(1).
-32
Let u(r) = -r**2 + 21*r + 40. What is u(23)?
-6
Let d(v) = -v**2 - 3*v + 27. Calculate d(4).
-1
Let g(q) = -22*q**3 - 2*q**2 + 4*q - 2. Calculate g(1).
-22
Let s(y) = -y**2 - 13*y + 28. Calculate s(-15).
-2
Let y(k) = -2*k - 10. Calculate y(-3).
-4
Let a(b) = b**2 - 3*b + 9. Calculate a(2).
7
Let y(h) = 4*h**3 - 2*h**2 + 2. Determine y(2).
26
Let v(j) = -j**2 - 6*j + 8. Give v(-4).
16
Let h(v) = v - 20. Give h(13).
-7
Let t(i) = 11*i + 131. Give t(-12).
-1
Let p(w) = 28*w - 120. What is p(4)?
-8
Let s(w) = -w**3 + 6*w**2 - 5*w + 5. Give s(5).
5
Let s(r) = 5*r**2 - 18*r + 3. Determine s(3).
-6
Let l(p) = -p**2 - 2*p + 5. Calculate l(5).
-30
Let d(r) = -r - 12. Calculate d(-5).
-7
Let c(y) = -9*y + 63. What is c(7)?
0
Let s(q) = -q**2 + 5. Determine s(2).
1
Let o(n) = n**3 + 4*n**2 - 5*n + 6. Calculate o(-5).
6
Let l(s) = -s**3 + 6*s**2 - 6*s + 2. What is l(5)?
-3
Let f(i) = 39*i**3 - i**2 - i + 1. Determine f(1).
38
Let l(p) = p**2 + 28*p - 254. Determine l(-35).
-9
Let v(u) = -u**3 - 7*u**2 + 10*u + 17. Give v(-8).
1
Let l(d) = d + 71. Determine l(0).
71
Let j(a) = 3*a + 14. Determine j(-9).
-13
Let d(h) = 2*h**2 - h - 11. Give d(-5).
44
Let s(f) = 18*f**2. What is s(1)?
18
Let y(b) = -b**3 - 15*b**2 - 4*b - 66. Determine y(-15).
-6
Let b(h) = -h - 13. Calculate b(-6).
-7
Let m(g) = g**2 + 7*g - 1. What is m(-7)?
-1
Let l(n) = -n**3 - 12*n**2 - 14*n - 7. Calculate l(-11).
26
Let y(r) = r**3 - 9*r**2 - 21*r - 9. Give y(11).
2
Let s(m) = -m**3 + m. Determine s(1).
0
Let w(c) = -c**2 - 5*c. Determine w(-4).
4
Let q(s) = -s**2 + 26*s + 9. Calculate q(27).
-18
Let v(u) = -2*u**2 + 13*u + 7. Give v(5).
22
Let u(y) = y**3 + 9*y**2 - 6*y - 18. Give u(-9).
36
Let l(x) = 2*x**2 + 34*x - 27. Determine l(-17).
-27
Let w(x) = x**2 - 13*x - 27. Give w(13).
-27
Let t(p) = -4*p - 7. Give t(-4).
9
Let p(o) = -o. Determine p(-9).
9
Let o(a) = a**3 + 12*a**2 + 18*a - 23. Calculate o(-10).
-3
Let j(q) = 12*q - 5. Calculate j(3).
31
Let v(x) = x**3 + 6*x**2 + 3*x - 5. Determine v(-4).
15
Let p(y) = 7*y + 1. Determine p(1).
8
Let c(m) = 14*m**2 + 1. Give c(-1).
15
Let p(f) = f**3 + f**2 - 4*f - 2. Give p(-2).
2
Let r(f) = -f**3 - 13*f**2 - 23*f + 6. What is r(-11)?
17
Let g(s) = -7*s - 62. Determine g(-10).
8
Let y(v) = v**2 + 10*v + 3. What is y(7)?
122
Let c(i) = 3*i**2 - i - 8. Give c(-3).
22
Let n(x) = -15*x - 13. Determine n(-1).
2
Let z(i) = i**2 - 4*i + 21. Give z(11).
98
Let j(p) = -p**3 + 16*p**2 + 23*p - 36. What is j(17)?
66
Let b(q) = -15*q - 29. Determine b(-5).
46
Let y(i) = i**3 - 4*i**2 - 71. Give y(6).
1
Let d(c) = -2*c**2 + 2*c - 6. Calculate d(4).
-30
Let h(n) = 2*n + 3. Give h(6).
15
Let p(c) = -c**3 + 6*c**2 - c + 4. Calculate p(3).
28
Let a(t) = 4*t + 5. Give a(4).
21
Let r(c) = c**3 - 6*c**2 + c + 2. Give r(6).
8
Let m(u) = u**3 - 7*u**2 - u - 11. What is m(7)?
-18
Let j(i) = i**2 + i + 15. What is j(-5)?
35
Let z(r) = -2*r - 9. Give z(-4).
-1
Let n(o) = o**3 - 10*o**2 - 4*o + 3. Calculate n(10).
-37
Let t(s) = s**2 + 11*s + 24. Calculate t(-6).
-6
Let d(l) = -l - 11. Determine d(-5).
-6
Let t(r) = -r**2 - 9*r + 55. What is t(-13)?
3
Let w(l) = l - 7. What is w(4)?
-3
Let r(d) = d**3 + 10*d**2 + 13*d + 11. Calculate r(-7).
67
Let p(c) = c**3 - 22*c**2 - 4. What is p(22)?
-4
Let k(o) = 21*o + 59. Give k(-7).
-88
Let g(i) = i**2 - 8*i + 14. Determine g(6).
2
Let n(g) = g**3 + 7*g**2 + 18*g + 45. Calculate n(-5).
5
Let h(u) = -u**2 - 4*u - 1. What is h(-4)?
-1
Let d(a) = a**2 + 11*a - 53. Calculate d(-13).
-27
Let j(s) = -4*s - 61. Give j(-15).
-1
Let x(g) = g**3 + 6*g**2 + 6*g + 5. Determine x(-4).
13
Let m(o) = o**3 - 6*o**2 - 12. What is m(6)?
-12
Let c(g) = g**3 + 44*g**2 - 4*g - 159. Calculate c(-44).
17
Let z(d) = d**2 + 21*d + 30. Determine z(-10).
-80
Let q(w) = w. Calculate q(-7).
-7
Let o(s) = -s**3 - 22*s**2 + 22*s - 22. Give o(-23).
1
Let z(j) = 2*j**2 - 9*j + 8. Give z(5).
13
Let d(j) = -j - 16. Determine d(0).
-16
Let j(s) = -s**2 - 113*s - 437. Give j(-4).
-1
Let s(k) = -k**3 - 10*k**2 - 27*k - 24. Give s(-6).
-6
Let m(q) = q + 1. Calculate m(-7).
-6
Let r(n) = 8*n + 4. Calculate r(2).
20
Let r(j) = -2*j**2 - 5*j - 8. What is r(-3)?
-11
Let h(u) = -3*u + 7. Determine h(3).
-2
Let b(x) = -x**2 - 30*x - 68. Determine b(-28).
-12
Let m(o) = -o**3 + 4*o**2 + 7*o - 1. Determine m(5).
9
Let i(g) = -3*g + 17. What is i(7)?
-4
Let m(o) = -o**3 + 20*o**2 - 22*o + 21. Calculate m(19).
-36
Let t(f) = -f**3 - f**2 - f + 13. What is t(0)?
13
Let n(p) = p**3 + 11*p**2 + 10*p + 15. Give n(-11).
-95
Let y(p) = -p**3 + 11*p**2 + 4*p + 6. Calculate y(11).
50
Let w(t) = t**3 + t**2 - 11*t - 9. Calculate w(-4).
-13
Let m(z) = -4*z + 2. Determine m(6).
-22
Let v(n) = -n**2 + 6*n - 9. Calculate v(10).
-49
Let z(g) = g + 9. What is z(4)?
13
Let t(o) = -9*o**2 + 2*o + 4. Calculate t(-2).
-36
Let w(p) = -3*p - 2. What is w(1)?
-5
Let d(g) = 2*g**2 + 30*g + 8. What is d(-15)?
8
Let r(a) = -a - 16. Give r(-17).
1
Let v(u) = 8*u - 99. What is v(12)?
-3
Let j(x) = 96*x + 1255. Give j(-13).
7
Let r(w) = 12*w**3 + 2*w - 1. Give r(1).
13
Let o(b) = -b - 20. Determine o(-6).
-14
Let g(d) = d**3 + 7*d**2 - d + 9. Give g(-7).
16
Let b(w) = -9*w**3 - w**2 + 2*w - 1. Give b(2).
-73
Let z(c) = 12*c**2 + 5*c + 2. Give z(3).
125
Let z(q) = 3*q - 96. Determine z(12).
-60
Let h(l) = 2*l. Calculate h(6).
12
Let m(o) = -o**2 - 8*o + 13. Give m(-10).
-7
Let x(p) = -p**2 - 6*p - 8. Calculate x(-1).
-3
Let z(p) = -p**2 + 4*p + 39. Calculate z(-4).
7
Let t(a) = 15*a + 124. What is t(-10)?
-26
Let c(n) = n**3 + 23*n**2 + 44*n + 17. Give c(-21).
-25
Let j(w) = w**2 - 5*w 